22470)/8). Let a = -1244 + f. Is a a prime number?
False
Suppose -4*h = 5*x - 281091, -347*h + 281101 = -343*h + 3*x. Is h a composite number?
True
Is 6/7 - (33 + (-229237320)/420) composite?
True
Let j(i) = i**3 + 11*i**2 - 2*i + 1. Suppose 0 = 6*r - 276 - 54. Suppose 5*w - 3*h + r = 0, 4*h - 2*h = 0. Is j(w) prime?
True
Suppose 37*c - 32*c - 3*w = 56822, 2*w = 4*c - 45458. Let f = 16222 - c. Is f a prime number?
False
Suppose 1388281 + 627511 = 16*f. Is f prime?
False
Suppose 237*j + 2066104 = 16189171. Is j a composite number?
True
Let w = -41 - -41. Let r be 2/(-3)*(w - 0 - -2736). Let t = -463 - r. Is t prime?
True
Let c(r) = -679*r + 2621. Is c(-60) a composite number?
True
Let l = 10537 - 4312. Suppose l = 5*f + 15. Suppose 1244 = 3*u + 3*a + 2*a, 3*a = -3*u + f. Is u composite?
True
Let a(o) = 5*o**3 - 14*o**2 + 24*o + 35. Let p(x) = x**2 + 6*x + 5. Let f be p(-7). Is a(f) prime?
True
Let w = 67129 - -68022. Is w a composite number?
False
Suppose -5*h + 4*w + 396793 = 144714, w = h - 50415. Is h a composite number?
True
Suppose -r + 1 = 0, -38*h = -42*h + 3*r + 3705757. Suppose h = 42*l + 61702. Is l a prime number?
False
Suppose 3649016 + 1614329 = 33*r - 1826672. Is r prime?
True
Let x = -3999 - -11282. Is x prime?
True
Suppose t + 7891 = 3*y, 5*y + 4*t - 13146 = -0*y. Suppose 12*s - y = 2*s. Is s composite?
False
Let x be (-244)/305 - ((-29)/5 - 0). Suppose -3*l - x*k = -2*k - 1857, -3135 = -5*l + 5*k. Is l a composite number?
True
Suppose 22*o - 17*o = 45, 3*v - o = 4408650. Is v a composite number?
True
Suppose -10*i - 22*i + 33*i + 3 = 0. Let u(k) be the second derivative of -37*k**5/20 - k**4/4 - k**3/6 - 2*k**2 + k. Is u(i) a composite number?
False
Suppose 6*z - 1695471 + 7625993 = 32*z. Is z prime?
True
Let h(o) = o**3 + 4*o**2 - 7*o - 5. Let k be ((-5)/(-4))/((-14)/56). Let i be h(k). Suppose -3*a = 2*d - 137 - 5, -i*d = a - 355. Is d prime?
True
Let h = -1191097 - -2160108. Is h a prime number?
True
Suppose 4*f = -5*s + 22, -3 = s + 2*f - 5. Let z be 1*(-3)/s*(3 - 1). Is 5/5*(-113)/z a prime number?
True
Suppose 17*b - 20*b + 12 = 0. Suppose 0 = 2*m - 3*i, -3*m = b*i - 2*i. Suppose m = -3*h - 3*y + 4629, 2360 = -4*h - 5*y + 8532. Is h prime?
True
Suppose -5*b - 45 = -5*r, 3*r + 15 = 5*r - 3*b. Let g be 318/30 + r/(-20). Is ((-2808)/(-21) - 1) + g/35 a composite number?
True
Let r(a) = 5*a**2 - 72*a - 274. Is r(37) a composite number?
False
Let g be (-405)/(-5 + 22/6)*4. Let f = g + -628. Is f a prime number?
True
Is -167862*(-36)/27 + -23 a composite number?
True
Is 19992*2 + ((-30)/(-2))/(-3) prime?
True
Let j(z) = -1367*z**3 - 2*z**2 + 63*z + 447. Is j(-5) a composite number?
False
Suppose -57 = -2*f - 19. Is (-109)/2*-2*(f - 6) prime?
False
Let a be 6764/3 + ((-119)/(-51) - 2). Let h = 2 + -2. Suppose h = 4*t - a + 819. Is t composite?
False
Let w(h) = -712*h - 2963. Is w(-8) a prime number?
False
Is ((-1)/((-2)/236827))/(((-209)/22)/(-19)) prime?
False
Let s(w) = 4*w - 184. Let z be s(23). Let f = 152 + -335. Let g = z - f. Is g a composite number?
True
Suppose -8 = -a - 4. Suppose f - 12487 - 7215 = -2*y, -a*y = f - 19702. Is f a prime number?
False
Let y be ((-5642)/42)/(2/(-6)). Suppose -4*k + k = 3*q - 600, -2*k = 5*q - y. Is k composite?
False
Let x be 36/9*2/4. Suppose 0 = -3*n - 4*v + 7, -x*n - 5*v - 1 + 15 = 0. Is n*(1 + -61 - 1) a prime number?
False
Let v = 70859 + -22128. Is v a prime number?
True
Let m(j) be the second derivative of 2*j**4/3 + 2*j**3/3 - 59*j**2/2 + 40*j. Is m(17) prime?
False
Let n = 57 + -55. Suppose -n*p = 2*p. Is 34/(1 + p) + -3 + 0 a composite number?
False
Suppose -5*g + 13642 = 2*l, -l - 47*g = -44*g - 6820. Is l a composite number?
True
Suppose 2714316 = -20*h - 19*h + 51*h. Is h a prime number?
False
Let r(z) = -12*z**3 - 18*z**2 + 12*z - 37. Let c(p) = -5*p**3 - 8*p**2 + 6*p - 18. Let m(y) = 5*c(y) - 2*r(y). Is m(-15) a prime number?
False
Let r = 20 - 26. Is ((-50975)/50)/(3/r) prime?
True
Let x(t) = -21688*t + 459. Is x(-4) a composite number?
False
Let u be ((-3)/(-5))/(61/(-1525)). Let x(z) = 79*z**2 - 37*z + 7. Is x(u) a prime number?
False
Suppose -2*m + 2*l - 2 = 0, -2 = 5*m - 4*l + 2. Suppose -5*w + 4*i + 68674 = m, -27471 = 2*w - 4*w + 3*i. Suppose 0 = 19*z - z - w. Is z prime?
False
Let x = 183384 - 6685. Is x prime?
True
Let b = 50013 + -29109. Suppose 2*h - 156072 = -5*t, -h + 10311 = t - b. Is t a composite number?
True
Let z = 1327886 + 1006907. Is z composite?
False
Let p(m) = m**3 - 4*m**2 + 20*m + 122. Is p(19) composite?
True
Suppose -29225 = -7*u - 4795. Suppose d - 818 = -f - u, 0 = -2*f + 4*d - 5368. Let l = 1117 - f. Is l prime?
True
Let s(w) = -72*w - 12. Suppose 0 = 10*k - 6*k + 20. Let v be s(k). Let i = v + -125. Is i prime?
True
Let j(y) = 4*y**3 - 2*y + 5 - 4*y**3 + 7 - 4*y**2 + 25*y**3. Is j(5) a composite number?
True
Let u = -21 + 304. Suppose -j + 139 = -a + 8, 4*j + a = 499. Let q = u - j. Is q a prime number?
True
Suppose 0 = -t - 5, 0 = 5*r - t - t - 25. Suppose r*z - 2*v = 20, -z = 2*v - 1 + 5. Suppose -z*k = -1761 - 3091. Is k a composite number?
False
Suppose -3*r = -84895 - 40790. Let t = r + -22606. Is t composite?
False
Let p = 252 + -55. Let v = 185 + p. Suppose 3*h = -u + v, 4*h = -u + 246 + 139. Is u a prime number?
True
Let b be 627/11 + (-6 - -13) + 1. Suppose 40 = 3*q - q + 3*a, -5*q - 2*a = -100. Let l = q + b. Is l a composite number?
True
Suppose 22*y = 27*y. Suppose y = 8*t - t - 3374. Let s = t - 281. Is s a prime number?
False
Let g(x) = 3*x**3 - 7*x**2 + 3*x + 8. Let a(o) = o**3 + 12*o**2 + 3. Let i be a(-12). Suppose -q + 4*f = 11, -i*q - f + 50 = 2*q. Is g(q) prime?
False
Let g(n) = -n**3 + 2*n**2 + 5*n - 1. Let k be g(-2). Suppose -k*x + 2*i = -14603, 2*x - 5840 = -27*i + 29*i. Is x composite?
True
Let g(k) = 37*k**2 + 21*k - 14. Let a(t) = t**2 + 2*t + 1. Let q(f) = -5*a(f) + g(f). Is q(-6) composite?
True
Let i(f) = 15*f**3 - 19*f**2 + 129*f - 19. Is i(12) prime?
False
Suppose -5*n + 501322 = y + 152112, y - 139687 = -2*n. Is n composite?
True
Suppose -176 = 8*j - 4*j. Let b = -23 - j. Suppose -b*p - 251 = -22*p. Is p prime?
True
Let k = -22415 - -47982. Is k prime?
False
Suppose 48375 + 11405 = 10*u. Let c = 753 + u. Is c prime?
False
Suppose 29*u - 50355 = 26*u + 5*w, 5*u = 5*w + 83945. Is u prime?
False
Suppose 2*s - 2 = 4*s, 5*s = d - 12. Suppose -8*k = -d*k - 2335. Is k a prime number?
False
Let j(s) = -231*s**2 + 3*s + 2. Let q be j(3). Let w = q - -2907. Is w a composite number?
False
Let d(b) = -2*b - 32. Let r(m) = -m**3 - 6*m**2 - 6*m - 8. Let y be r(-4). Let l be d(y). Suppose l = -7*i + 4*i + 753. Is i a composite number?
False
Let u(y) = -2*y**3 - 12*y**2 + 3*y - 8. Let b be u(-10). Let g be 1/(((-1)/(-2))/((-140)/(-8))). Let c = b + g. Is c a prime number?
True
Suppose -269*q = -316921987 + 20733888. Is q composite?
False
Let p = -27548 + 39745. Is p prime?
True
Let w = -18665 + 33519. Suppose w = 2*h - 4*i, -4*i = -5*h + i + 37135. Is h prime?
False
Suppose -37*n - 45*n + 8448991 = 15*n. Is n prime?
True
Suppose 3*c = 4*m + 66246, 3*c + 5*m - 51414 = 14805. Suppose 5307 = 5*s - c. Let k = s - 3880. Is k a composite number?
False
Suppose 39*m - 33*m = 916697 + 99865. Is m composite?
False
Suppose 4*n = -l + 2024, 3*n - 4028 = -2*l - n. Suppose l + 522 = 2*a. Is a + (-8)/(-12)*-6 a prime number?
True
Is -1*2/(-6)*(-10)/((-140)/4364598) a prime number?
True
Let k be 9/6*(7 + (-136)/24). Suppose -43180 = -3*n - p + k*p, 0 = 5*n - p - 71970. Is n a prime number?
False
Is 1/2 - 6128125/(-50) composite?
True
Suppose -t + 2844 = -4*n, -5*n + t + 1230 = 4785. Let z = -425 - n. Let d = 163 + z. Is d a composite number?
False
Let p = -236 + 241. Is (-17)/(-4) - p - 11726/(-8) a prime number?
False
Suppose -28*j - 38225899 = -44*j + 34871013. Is j a composite number?
True
Suppose 2114 - 14602 = -7*n. Suppose 0 = -h - 4*m + 1893, 5606 - n = 2*h - m. Is h a composite number?
True
Suppose 137*g - 14 = 144*g. Is ((4 - g) + 12193)/1 prime?
False
Let x = 779 - 145. Let w(s) = 258*s - 27. Let k be w(4). Let u = k + x. Is u a composite number?
True
Is 301953 + (-29)/((-667)/92) prime?
False
Suppose 4 + 2 = j. Suppose j*l + 10 = -2. Is 539 + 2 + 2 + l composite?
False
Let l(m) = 120*m - 14. Let o be l(5). Let y be 2/((-20)/(